{"id":2696,"date":"2026-05-05T15:39:53","date_gmt":"2026-05-05T14:39:53","guid":{"rendered":"https:\/\/portugal.wordcamp.org\/2026\/?page_id=2696"},"modified":"2026-05-05T15:45:53","modified_gmt":"2026-05-05T14:45:53","slug":"after-party","status":"publish","type":"page","link":"https:\/\/portugal.wordcamp.org\/2026\/after-party\/","title":{"rendered":"After-party"},"content":{"rendered":"\n<p class=\"wp-block-paragraph\">Alguns dir\u00e3o que \u00e9 o momento mais aguardado do WordCamp. N\u00f3s n\u00e3o vamos t\u00e3o longe &#8211; o WordCamp tem diversos momentos especiais para todos.<\/p>\n\n\n\n<p class=\"wp-block-paragraph\">A after-party do WordCamp Portugal 2026 realiza-se no s\u00e1bado, dia 16 de Maio, ap\u00f3s o evento. A partir das 20:00, vamos ter uma festa de acesso <strong>livre<\/strong> a todos os participantes do WordCamp.<\/p>\n\n\n\n<p class=\"wp-block-paragraph\"><strong>A apresenta\u00e7\u00e3o do <em>badge<\/em> do evento \u00e9 obrigat\u00f3ria<\/strong>, por isso, n\u00e3o te esque\u00e7as de o levar contigo.<\/p>\n\n\n\n<p class=\"wp-block-paragraph\"><strong>A after-party vai decorrer entre as 20:00 e as 21:30<\/strong> no \u00e1trio da <a href=\"https:\/\/portugal.wordcamp.org\/2026\/localizacao\/\" target=\"_blank\" rel=\"noreferrer noopener\">Funda\u00e7\u00e3o Dr. Ant\u00f3nio Cupertino de Miranda<\/a>, ou seja, no mesmo local do evento. N\u00e3o tens de ir a lado nenhum &#8211; \u00e9 s\u00f3 ficar. Vai ser oferecido um <em>buffet<\/em> de <em>finger-food<\/em> com algumas bebidas inclu\u00eddas<strong><a href=\"#notas\">*<\/a><\/strong>.<\/p>\n\n\n\n<figure class=\"wp-block-gallery has-nested-images columns-default is-cropped wp-block-gallery-1 is-layout-flex wp-block-gallery-is-layout-flex\">\n<figure class=\"wp-block-image size-full\"><img loading=\"lazy\" decoding=\"async\" width=\"799\" height=\"533\" data-id=\"2708\" src=\"https:\/\/portugal.wordcamp.org\/2026\/files\/2026\/05\/53730824055_34737f999b_c.jpg\" alt=\"\" class=\"wp-image-2708\" srcset=\"https:\/\/portugal.wordcamp.org\/2026\/files\/2026\/05\/53730824055_34737f999b_c.jpg 799w, https:\/\/portugal.wordcamp.org\/2026\/files\/2026\/05\/53730824055_34737f999b_c-300x200.jpeg 300w, https:\/\/portugal.wordcamp.org\/2026\/files\/2026\/05\/53730824055_34737f999b_c-768x512.jpeg 768w, https:\/\/portugal.wordcamp.org\/2026\/files\/2026\/05\/53730824055_34737f999b_c-450x300.jpeg 450w\" sizes=\"auto, (max-width: 799px) 100vw, 799px\" \/><\/figure>\n<\/figure>\n\n\n\n<p class=\"wp-block-paragraph\">Vamos prolongar o esp\u00edrito do WordCamp com conversas informais e muito networking, no mesmo espa\u00e7o onde pass\u00e1mos o dia.<\/p>\n\n\n\n<div style=\"height:10px\" aria-hidden=\"true\" class=\"wp-block-spacer\"><\/div>\n\n\n\n<h4 class=\"wp-block-heading\">Programa previsto:<\/h4>\n\n\n\n<ul class=\"wp-block-list\">\n<li><strong>20:00 \u00e0s 21:30:<\/strong> <em>Buffet<\/em> com <em>finger-food<\/em> e algumas bebidas inclu\u00eddas<strong><a href=\"#notas\">*<\/a><\/strong>, com ambiente descontra\u00eddo para networking.<\/li>\n<\/ul>\n\n\n\n<p class=\"has-small-font-size wp-block-paragraph\"><em>Os hor\u00e1rios ainda podem sofrer pequenos ajustes. Detalhes sobre as bebidas inclu\u00eddas ser\u00e3o partilhados em breve.<\/em><\/p>\n\n\n\n<div style=\"height:10px\" aria-hidden=\"true\" class=\"wp-block-spacer\"><\/div>\n\n\n\n<p class=\"has-small-font-size wp-block-paragraph\" id=\"notas\"><strong>* Notas relativamente ao acesso \u00e0 after-party:<\/strong><\/p>\n\n\n\n<p class=\"has-small-font-size wp-block-paragraph\">A organiza\u00e7\u00e3o vai reservar o <em>buffet<\/em> e bebidas inclu\u00eddas conforme o n\u00famero de participantes esperados, de acordo com a prefer\u00eancia indicada aquando da compra do bilhete e da experi\u00eancia de eventos anteriores.<\/p>\n\n\n\n<p class=\"has-small-font-size wp-block-paragraph\">Na eventualidade de o n\u00famero real de participantes ser superior ao esperado, poder\u00e1 n\u00e3o ser garantida a manuten\u00e7\u00e3o do <em>buffet<\/em> at\u00e9 ao hor\u00e1rio previsto, independentemente da prefer\u00eancia indicada no bilhete.<\/p>\n\n\n\n<p class=\"has-small-font-size wp-block-paragraph\">N\u00e3o \u00e9 expect\u00e1vel que haja limita\u00e7\u00e3o de acesso \u00e0 festa, a n\u00e3o ser que, em determinado momento, se considere que o n\u00famero de participantes no espa\u00e7o possa colocar em risco a seguran\u00e7a de todos.<\/p>\n","protected":false},"excerpt":{"rendered":"<p>Alguns dir\u00e3o que \u00e9 o momento mais aguardado do WordCamp. N\u00f3s n\u00e3o vamos t\u00e3o longe &#8211; o WordCamp tem diversos momentos especiais para todos. A after-party do WordCamp Portugal 2026 realiza-se no s\u00e1bado, dia 16 de Maio, ap\u00f3s o evento. A partir das 20:00, vamos ter uma festa de acesso livre a todos os participantes [&hellip;]<\/p>\n","protected":false},"author":14841532,"featured_media":0,"parent":0,"menu_order":0,"comment_status":"closed","ping_status":"closed","template":"","meta":{"_crdt_document":"{\"document\":\"AABoodLurh7StdXeFyuX5POPFdK11d4XAtfk848VANK11d4XogeX5POPFdK11d4XJpfk848V0rXV3hcGutKCgw3StdXeFwiPtuyqCqHS7q4emefyogmNi42kA6HS7q4ekrXV3hfh0u6uHgCoB5CeAyICigICMAoCIhYGEhQQBggCBhS2StIrlCsC7ioGAujEA5CNAaTiAvLvAwKemQPSmQMBAVACrGACLhQkAwCSDAIiEgIUAwMGAwAEApgBCgMBBAMABgMCBAgDAA4DAAoCBgIECAMACAQDAAwCBAgQAgQDAQwICgMABAwCCgMACg4CBAIFAQIEBgIEAgQCBAMBBAMAhgKsAooBAq4EAwC6BSIUugQCNAIsAhgCDgI6PAQChgQCNAQqAqYBHAYCMqACCAIaigEkBIwBAg4DAZAJAhwEpAECCAKQAQMBPAIIApACAhICNAKOAQK2AgIQAwEQAhACHgIWAigCHAI0AqwCAroBAjACEAKAAQIGAioEngQEHgISBAIKigMCFgYCBQACIAIGAogBAhgCBAKIAQKeAQqgBwwCBpoCqgk+BgMApgQCBgoDAqwBsAE6AwAKDgsAAgwCBAgCCAMADAMBBQADAAQCBQADAAwCBgUAAwEEAhADAAQCBAMABAMCBgMGCgIEBgIKAwELAAYCBAMABigEBwAEFgimBCoCBgKEAwIaAjAqAoQEGgIeAogBAooDAwAKIgywAwQUpgECJAKKAwgCHggMpAeiCC62BQK2CQLm0wGsAZIMAiIUGgMACQCYAQwFAAMACAYMFA4IDAQMEh4KDAgMBiYWGAgGEIgCsjeuB5AxBLEBAJhVCgIEEAMAwlUOIgIOBAsAAg4ECAQGCAQiBhgCBgIGBAgFAAMCCgIECCQIBoABGrQJjgoilAoIypMCrsICAwC4BfxFkAWAiwHEigGIBJgFnIUBAuKEAfSTAgKihwG6CLaFAo4D9k\/2zAGCnQLSmAKWmALQngKMAY6hAggMFgII0J0Ckp8CAggoCAMAIgIUAgQDAAwCDAIEAwEGAwEEAgUAAwISAhQGAhLeC+KRAhSmkQK2DAIBAgoCQkoApAQBAAYCQkYApAYBAQgCQkgAgAQBAAYCQkYAuA0BAQgBCUgiAgEABgEDRgBkjgEBAQgCQkgAvgMBAQhIAA4BAQgCQkgANAEBCABIDgIBAgoCTFCQBgEBCAJCAEgAhAQBAQhIAA6IApYBEAECCgJCAQBKAJQCAQIKAkIASgCEBwECCgJCAEoAvAYBAgoCQgBKzj0ApAaABAC4DSQAKr4DDjSQBoQE9joEAgYCsiraxAOixANKyCYWAooCAjAKAiIWBhIUEAYIAgYU8AoCilYGAtIrxr0Cugi2hQKOA+KZAwKGASRyBNwBkp4DIgKKAgIwCgIiFgYSFBAGCAIGFMSXAooD7C+sAZIMAiIUGgMACQCYAQwFAAMACAYMFA4IDAQMEh4KDAgMBiYWGAgGEIgCsjeuB5AxBLEBAAEFOg4iAg4ECwACDgQIBAYIBCIGGAIGAgYECAUAAwIKAgQIJAgGgAEatAmOCiKUCgikLwMAxECQBQA8iASYBQEAPNCMAboIunicCv6WAbAE+gWMAQEEsgQBJroFIhSYnQLUlQK8jQIWAooCAjAKAiIWBhIUEAYIAgYUmgHUlQL6CLoIunicCtaDAdUIKADBEqEAqAChAKgDoQDEAMEAqAIhAicCKAQnACgDIQAEAAAABACBAIQAgQCEAIEAhAOBAIQAgQCEAIEAhAKBAIQBgQCEAYEAhACBAIQDgQCEAYEAhACBAIQAgQCEAIEAhAGBAIQAgQCEAIEAhACBAIQAgQCEAIEAhACBAIQAgQCEAIEAhAGBAIQAgQOEAIEAhACBAIQAgQCEAIEAhACBAIQAgQCEAIEAhACBAIQAgQCEAYEAhACBAIQAgQCEAIEAhACBAIQAgQCEAYEDhACBA4QAgQCEAIEAhACBAIQAgQCEAIEAhACBAIQAgQCEAIEAhACBAIQAgQCEAIEAhACBAIQAgQCEAIEAhACBAIQAgQCEAIEAhACBAIQAgQCEAIEAhACBAIQAgQCEAIEAhACBAIQAgQCEAIEAhACBAIQAgQCEAIEAhACBAIQAgQCEAIEAhACBAIQAgQCEAIEAhACBAIQAgQCEAIEAhACBAIQAgQCEAIEAhACBAIQAgQCEAIEAhACBAIQAgQCEAIEAhACBAIQAgQCEAIEAhACBAIQAgQCEAIEAhACBAIQAgQCEAIEAhACBAIQAgQCEAIEAhACBAIQAgQCEAIEAhACBAIQAgQCEAIEAhACBAIQAgQCEAIEAhACBAIQAgQCEAYEAhAOBAIQBgQCEAYEAhAGBAIQAgQCEAYEAhACBAIQAgQCEAIEAhACBAIQAgQCEAIEAhACBAIQAgQCEAIEAhACBAIQAgQCEAIEAhACBAIQBgQCEAYEAhACBAIQAgQCEAIEAhACBAIQHgQCEAIEAhACBAIQAgQCEAIEAhACBAIQAgQCEAIEAhACBAIQAgQCEAIEAhACBAIQAgQCEAIEAhACBAIQAgQGEAIEBhACBAIQAgQCEAIEBhACBA4QAgQGEAIEAhACBAYQAgQOEAIEAhACBAIQAgQCEAAAAxBvBAcQPwQDEAMEAxCvBBKEAxAKhAAAAwQDEAMEDxADBAaEBwQMhAaEAxAChAMQAoQDEAcEBxAHBAMQCwQDEAMEAxALBAMQAwQDEAMEAxADBAMQAwQDEAMEAxADBAMQAwQDEAMEAxADBAMQAwQDEAsEAxADBAMQAwQDEAMEAxADBA6cABwAoAycBBAAoACcAhwAoAScBBAAoACcAhwAoAicBBAAoACcAhwAoAScBBAAoACcAhwAoACEAKAAnASgCJwAoBicABwAoAScAIQAoACcAIQEoACcAgQAAAIcAKAInAQQAKAAnAIcAKAInACgAJwCHACgCJwEEACgAJwCHACgCJwAoAScABwAoAycBBAAnAIcAKAInAQQAKAEnAIcAKAInACgAJwCBAAAAgQAAAIEAAACHACgDJwEEACgCJwCHACgDJwEEACgBJwCHACgDJwEEACgBJwCHACgDJwEEACgBJwAAACgEIQIAACgFAAChAMEBoQQhAMQSIQDBAaEDIQDBAwAAoQEhAqgAIQHEAKibP7E7c3RhdGV2ZXJzaW9uIGNsYXNzPSJ3cC1pbWFnZS1zdGF0ZXZlcnNpb25kb2N1bWVudGRhdGVkb2N1bWVudHN0YXR1c2RvY3VtZW50dGl0bGVkb2N1bWVudGNvbnRlbnRkb2N1bWVudGV4Y2VycHRkb2N1bWVudGF1dGhvcmRvY3VtZW50ZmVhdHVyZWRfbWVkaWFkb2N1bWVudGNvbW1lbnRfc3RhdHVzZG9jdW1lbnRwaW5nX3N0YXR1c2RvY3VtZW50dGVtcGxhdGVkb2N1bWVudG1ldGFqZXRwYWNrX3Bvc3Rfd2FzX2V2ZXJfcHVibGlzaGVkX25ha2VkY2F0cGx1Z2luc19wYWdlX2xhbmdfbmFrZWRjYXRwbHVnaW5zX3BhZ2VfZGlyZm9vdG5vdGVzZG9jdW1lbnRibG9ja3NBZnRlci1wYXJ0eTwhLS0gd3A6cGFyYWdyYXBoIC0tPgo8cD5BbGd1bnMgZGlyw6NvIHF1ZSDDqSBvIG1vbWVudG8gbWFpcyBhZ3VhcmRhZG8gZG8gV29yZENhbXAuIE7Ds3MgbsOjbyB2YW1vcyB0w6NvIGxvbmdlIC0gbyBXb3JkQ2FtcCB0ZW0gZGl2ZXJzb3MgbW9tZW50b3MgZXNwZWNpYWlzIHBhcmEgdG9kb3MuPC9wPgo8IS0tIC93cDpwYXJhZ3JhcGggLS0+Cgo8IS0tIHdwOnBhcmFncmFwaCAtLT4KPHA+QSBhZnRlci1wYXJ0eSBkbyBXb3JkQ2FtcCBQb3J0dWdhbCAyMDI2IHJlYWxpemEtc2Ugbm8gc8OhYmFkbywgZGlhIDEgZGUgTWFpbywgYXDDs3MgbyBldmVudG8uIEEgcGFydGlyIGRhcyAyMDowLCB2YW1vcyB0ZXIgdW1hIGZlc3RhIGRlIGFjZXNzbyA8c3Ryb25nPmxpdnJlPC9zdHJvbmc+IGEgdG9kb3Mgb3MgcGFydGljaXBhbnRlcyBkbyBXb3JkQ2FtcC48L3A+CjwhLS0gL3dwOnBhcmFncmFwaCAtLT4KCjwhLS0gd3A6cGFyYWdyYXBoIC0tPgo8cD48c3Ryb25nPkEgYXByZXNlbnRhw6fDo28gZG8gPGVtPmJhZGdlPC9lbT4gZG8gZXZlbnRvIMOpIG9icmlnYXTDs3JpYTwvc3Ryb25nPiwgcG9yIGlzc28sIG7Do28gdGUgZXNxdWXDp2FzIGRlIG8gbGV2YXIgY29udGlnby48L3A+CjwhLS0gL3dwOnBhcmFncmFwaCAtLT4KCjwhLS0gd3A6cGFyYWdyYXBoIC0tPgo8cD48c3Ryb25nPkEgYWZ0ZXItcGFydHkgdmFpIGRlY29ycmVyIGVudHJlIGFzIDIwOjAwIGUgYXMgMjE6MzA8L3N0cm9uZz4gbm8gIDxhIGhyZWY9Imh0dHBzOi8vb3R1cmFjbGkiIHRhcmdldD0iX2JsYW5rIiByZWw9Im5vcmVmZXJyZXIgbm9vcGVuZXIiPnVhbnRlIGVyYTwvYT4gbyBzYSBubyBlbyBvYyBkbyBlbnRvIG8gZW5zIGRlIHIgIGxhZG8gZW4gaWNhLiBWYWkgc2VyIG9mZXJlY2lkbyB1bSA8ZW0+YnVmZmV0PC9lbT4gZGUgPGVtPmZpbmdlci1mb29kPC9lbT4gY29tIGJlYmlkYXMgaW5jbHXDrWRhczxzdHJvbmc+PGEgaHJlZj0iI25vdGFzIj4qPC9hPjwvc3Ryb25nPi48L3A+CjwhLS0gL3dwOnBhcmFncmFwaCAtLT4KCjwyNzA4Ii8+PC9maWd1cmU+CjwhLS0gL3dwOmltYWdlIC0tPjwvZmlndXJlPgo8IS0tIC93cDpnYWxsZXJ5IC0tPgoKPCEtLSB3cDpwYXJhZ3JhcGggLS0+CjxwPlZhbW9zIHByb2xvbmdhciBvIGVzcMOtcml0byBkbyBXb3JkQ2FtcCBjb20gY29udmVyc2FzIGluZm9ybWFpcyBlIG11aXRvIG5ldHdvcmtpbmcsIG5vIG1lc21vIGVzcGFvIG9uZGUgcGFzc21vcyBvIGRpYS48L3A+CjwhLS0gL3dwOnBhcmFncmFwaCAtLT4KCjwhLS0gd3A6c3BhY2VyIHsiaGVpZ2h0IjoiMTBweCJ9IC0tPgo8ZGl2IHN0eWxlPSJoZWlnaHQ6MTBweCIgYXJpYS1oaWRkZW49InRydWUiIGNsYXNzPSJ3cC1ibG9jay1zcGFjZXIiPjwvZGl2Pgo8IS0tIC93cDpzcGFjZXIgLS0+Cgo8IS0tIHdwOmhlYWRpbmcgeyJsZXZlbCI6NH0gLS0+CjxoNCBjbGFzcz0id3AtYmxvY2staGVhZGluZyI+UHJvZ3JhbWEgcHJldmlzdG86PC9oND4KPCEtLSAvd3A6aGVhZGluZyAtLT4KCjwhLS0gd3A6bGlzdCAtLT4KPHVsIGNsYXNzPSJ3cC1ibG9jay1saXN0Ij48IS0tIHdwOmxpc3QtaXRlbSAtLT4KPGxpPjxzdHJvbmc+MjA6MDAgw6BzIDI6MDo8L3N0cm9uZz4gPGVtPkJ1ZmZldDwvZW0+IGNvbSA8ZW0+ZmluZ2VyLWZvb2Q8L2VtPiBlIGJlYmlkYXMgaW5jbHXDrWRhczxzdHJvbmc+PGEgaHJlZj0iI25vdGFzIj4qPC9hPjwvc3Ryb25nPi48L2xpPgo8IS0tIC93cDpsaXN0LWl0ZW0gLS0+CjwhLS0gd3A6bGlzdCAtLT4KPHJvbjpzIDxzb24+ZW9yaXMgYWluIG9kZSByIG8gdXN0IGUgYmViaWRhcyBhIHNybyBwYXJ0aWFlLjwvZW0+PC8+CjwhLS0gL3dwOiAtLT4KCjwhLS0gd3A6c3BhY2VyIHsiaGVpZ2h0IjoiMTBweCJ9IC0tPgo8ZGl2IHN0eWxlPSJoZWlnaHQ6MTBweCIgYXJpYS1oaWRkZW49InRydWUiIGNsYXNzPSJ3cC1ibG9jay1zcGFjZXIiPjwvZGl2Pgo8IS0tIC93cDpzcGFjZXIgLS0+Cgo8IS0tIHdwOnBhcmFncmFwIHsiZm90U2l6ZSI6InNtYWxsIiwiYW5jaG9yIjoibm90YXMifSAtLT4KPHAgY2xhc3M9Imhhcy1zbWFsbC1mb250LXNpemUiIGlkPSJub3RhcyI+PHN0cm9uZz4qIE5vdGFzIHJlbGF0aXZhbWVudGUgYW8gYWNlc3NvIMOgIGFmdGVyLXBhcnR5Ojwvc3Ryb25nPjwvcD4KPCEtLSAvd3A6cGFyYWdyYXBoIC0tPgoKPCEtLSB3cDpwYXJhZ3JhcGggeyJmb250U2l6ZSI6InNtYWxsIn0gLS0+CjxwIGNsYXNzPSJoYXMtc21hbGwtZm9udC1zaXplIj5BIG9yZ2FuaXphw6fDo28gdmFpIHJlc2VydmFyIG8gPGVtPmJ1ZmZldDwvZW0+IGUgYmViaWRhcyBpbmNsdcOtZGFzIGNvbmZvcm1lIG8gbsO6bWVybyBkZSBwYXJ0aWNpcGFudGVzIGVzcGVyYWRvcywgZGUgYWNvcmRvIGNvbSBhIHByZWZlcsOqbmNpYSBpbmRpY2FkYSBhcXVhbmRvIGRhIGNvbXByYSBkbyBiaWxoZXRlIGUgZGEgZXhwZXJpw6puY2lhIGRlIGV2ZW50b3MgYW50ZXJpb3Jlcy48L3A+CjwhLS0gL3dwOnBhcmFncmFwaCAtLT4KCjwhLS0gd3A6cGFyYWdyYXBoIHsiZm9udFNpemUiOiJzbWFsbCJ9IC0tPgo8cCBjbGFzcz0iaGFzLXNtYWxsLWZvbnQtc2l6ZSI+TmEgZXZlbnR1YWxpZGFkZSBkZSBvIG7Dum1lcm8gcmVhbCBkZSBwYXJ0aWNpcGFudGVzIHNlciBzdXBlcmlvciBhbyBlc3BlcmFkbywgcG9kZXLDoSBuw6NvIHNlciBnYXJhbnRpZGEgYSBtYW51dGVuw6fDo28gZG8gPGVtPmJ1ZmZldDwvZW0+IGF0w6kgYW8gaG9yw6FyaW8gcHJldmlzdG8sIGluZGVwZW5kZW50ZW1lbnRlIGRhIHByZWZlcsOqbmNpYSBpbmRpY2FkYSBubyBiaWxoZXRlLjwvcD4KPCEtLSAvd3A6cGFyYWdyYXBoIC0tPgoKPCEtLSB3cDpwYXJhZ3JhcGggeyJmb250U2l6ZSI6InNtYWxsIn0gLS0+CjxwIGNsYXNzPSJoYXMtc21hbGwtZm9udC1zaXplIj5Ow6NvIMOpIGV4cGVjdMOhdmVsIHF1ZSBoYWphIGxpbWl0YcOnw6NvIGRlIGFjZXNzbyDDoCBmZXN0YSwgYSBuw6NvIHNlciBxdWUsIGVtIGRldGVybWluYWRvIG1vbWVudG8sIHNlIGNvbnNpZGVyZSBxdWUgbyBuw7ptZXJvIGRlIHBhcnRpY2lwYW50ZXMgbm8gZXNwYcOnbyBwb3NzYSBjb2xvY2FyIGVtIHJpc2NvIGEgc2VndXJhbsOnYSBkZSB0b2Rvcy48L3A+CjwhLS0gL3dwOnBhcmFncmFwaCAtLT42MMOhdHJpb2RhIHByZ2FsLndvZGNtcC5vcmcvMjAyNi9sb2F6YWNhby9GbmTDp8OjbyBEci4gQcOzbmlvIEN1cHJ0aW5vZCBNaW5kYSx1ZWosbXNtbGFsdmUuTsOjdGlhbmh1bS0gw6kgc8OzIGZyYWxndW1hcyDDp8OhMTNhbGd1bWFzICwgY29tIGFtYmllbnRlIGUgbmV0d29ya2luZzwvdWw+LwohLS0gd3A6cGFhZ3JhcGggeyJmdFNpemUiIm1hbGwifS0tPgpwIGNsYXM9Imhhcy1zbWFsbC1mdC1zaXplIjxtPk9zIGjDoXJvZGFwbXNvZmVycGVxdWVuc2FqZXMuRHRhbGhlc3NvciBhcyBlYmluY2x1w61kc2XDo2xoZG9zIG0gYnJldmVwcGFyYWdyYXBoZHNjb250cmHDrWRvcGFyYSBobnN0YXRlc2F2ZWRBdHN0YXRlc2F2ZWRCeQoKPCEtLSB3cDpnYWxsZXJ5IHsibGlua1RvIjoibm9uZSJ9IC0tPjxmaWd1cmUgY2xhc3M9IndwLWJsb2NrLWdhbGxlcnkgaGFzLW5lc3RlZC1pbWFnZXMgY29sdW1ucy1kZWZhdWx0IGlzLWNyb3BwZWQiPjwhLS0gd3A6aW1hZ2UgeyJzaXplU2x1ZyI6ImwiLCJsaW5rRGVzdGluYXRpb24iOiJub25lIn0gLS0+ZmlndXJlIGNsYXNzPSJ3cC1ibG9jay1pbWFnZSBzaXplLWwiPjxpbWcgc3JjPSJodHRwczovL29hLndvcmRjYW1wLm9yZy8yMDIvZmlsZXMvMjAyLzAvNTczODI0NTQ3Nzk5Xy5qcGciIGFsdD0iImNsaWVudElkaXNWYWxpZG9yaWdpbmFsQ29udGVudG5hbWVhdHRyaWJ1dGVzY29udGVudEFsZ3VucyBkaXLDo28gcXVlIMOpIG8gbW9tZW50byBtYWlzIGFndWFyZGFkbyBkbyBXb3JkQ2FtcC4gTsOzcyBuw6NvIHZhbW9zIHTDo28gbG9uZ2UgLSBvIFdvcmRDYW1wIHRlbSBkaXZlcnNvcyBtb21lbnRvcyBlc3BlY2lhaXMgcGFyYSB0b2Rvcy5kcm9wQ2FwaW5uZXJCbG9ja3Npc1ZhbGlkbmFtZWF0dHJpYnV0ZXNjb250ZW50QSBhZnRlci1wYXJ0eSBkbyBXb3JkQ2FtcCBQb3J0dWdhbCAyMDI2IHJlYWxpemEtc2Ugbm8gc8OhYmFkbywgZGlhIDE2IGRlIE1haW8sIGFww7NzIG8gZXZlbnRvLiBBIHBhcnRpciBkYXMgMjA6MDAsIHZhbW9zIHRlciB1bWEgZmVzdGEgZGUgYWNlc3NvIDxzdHJvbmc+bGl2cmU8L3N0cm9uZz4gYSB0b2RvcyBvcyBwYXJ0aWNpcGFudGVzIGRvIFdvcmRDYW1wLmRyb3BDYXBpbm5lckJsb2Nrc2lzVmFsaWRvcmlnaW5hbENvbnRlbnRuYW1lYXR0cmlidXRlc2NvbnRlbnQ8c3Ryb25nPkEgYXByZXNlbnRhw6fDo28gZG8gPGVtPmJhZGdlPC9lbT4gZG8gZXZlbnRvIMOpIG9icmlnYXTDs3JpYTwvc3Ryb25nPiwgcG9yIGlzc28sIG7Do28gdGUgZXNxdWXDp2FzIGRlIG8gbGV2YXIgY29udGlnby5kcm9wQ2FwaW5uZXJCbG9ja3Npc1ZhbGlkbmFtZWF0dHJpYnV0ZXNjb250ZW50PHN0cm9uZz5BIGFmdGVyLXBhcnR5IHZhaSBkZWNvcnJlciBlbnRyZSBhcyAyMDowMCBlIGFzIDIxOjMwPC9zdHJvbmc+IG5vIMOhdHJpbyBkYSA8YSBocmVmPSJodHRwczovL3BvcnR1Z2FsLndvcmRjYW1wLm9yZy8yMDI2L2xvY2FsaXphY2FvLyIgdGFyZ2V0PSJfYmxhbmsiIHJlbD0ibm9yZWZlcnJlciBub29wZW5lciI+RnVuZGHDp8OjbyBEci4gQW50w7NuaW8gQ3VwZXJ0aW5vIGRlIE1pcmFuZGE8L2E+LCBvdSBzZWphLCBubyBtZXNtbyBsb2NhbCBkbyBldmVudG8uIE7Do28gdGVucyBkZSBpciBhIGxhZG8gbmVuaHVtIC0gw6kgc8OzIGZpY2FyLiBWYWkgc2VyIG9mZXJlY2lkbyB1bSA8ZW0+YnVmZmV0PC9lbT4gZGUgPGVtPmZpbmdlci1mb29kPC9lbT4gY29tIGFsZ3VtYXMgYmViaWRhcyBpbmNsdcOtZGFzPHN0cm9uZz48YSBocmVmPSIjbm90YXMiPio8L2E+PC9zdHJvbmc+LmRyb3BDYXBpbm5lckJsb2Nrc2lzVmFsaWRvcmlnaW5hbENvbnRlbnRuYW1lYXR0cmlidXRlc2ltYWdlc2lkc25hdmlnYXRpb25CdXR0b25UeXBlc2hvcnRDb2RlVHJhbnNmb3Jtc2NhcHRpb25pbWFnZUNyb3ByYW5kb21PcmRlcmZpeGVkSGVpZ2h0bGlua1Rvc2l6ZVNsdWdhbGxvd1Jlc2l6ZWFzcGVjdFJhdGlvaW5uZXJCbG9ja3Npc1ZhbGlkbmFtZWF0dHJpYnV0ZXN1cmxhbHRjYXB0aW9uaWRzaXplU2x1Z2xpbmtEZXN0aW5hdGlvbmlubmVyQmxvY2tzaXNWYWxpZG9yaWdpbmFsQ29udGVudG5hbWVhdHRyaWJ1dGVzY29udGVudFZhbW9zIHByb2xvbmdhciBvIGVzcMOtcml0byBkbyBXb3JkQ2FtcCBjb20gY29udmVyc2FzIGluZm9ybWFpcyBlIG11aXRvIG5ldHdvcmtpbmcsIG5vIG1lc21vIGVzcGHDp28gb25kZSBwYXNzw6Ftb3MgbyBkaWEuZHJvcENhcGlubmVyQmxvY2tzaXNWYWxpZG9yaWdpbmFsQ29udGVudG5hbWVhdHRyaWJ1dGVzaGVpZ2h0aW5uZXJCbG9ja3Npc1ZhbGlkb3JpZ2luYWxDb250ZW50bmFtZWF0dHJpYnV0ZXNjb250ZW50UHJvZ3JhbWEgcHJldmlzdG86bGV2ZWxpbm5lckJsb2Nrc2lzVmFsaWRvcmlnaW5hbENvbnRlbnRuYW1lYXR0cmlidXRlc29yZGVyZWR2YWx1ZXNpbm5lckJsb2Nrc2NsaWVudElkaXNWYWxpZG9yaWdpbmFsQ29udGVudG5hbWVhdHRyaWJ1dGVzY29udGVudDxzdHJvbmc+MjA6MDAgw6BzIDIxOjMwOjwvc3Ryb25nPiA8ZW0+QnVmZmV0PC9lbT4gY29tIDxlbT5maW5nZXItZm9vZDwvZW0+IGUgYWxndW1hcyBiZWJpZGFzIGluY2x1w61kYXM8c3Ryb25nPjxhIGhyZWY9IiNub3RhcyI+KjwvYT48L3N0cm9uZz4sIGNvbSBhbWJpZW50ZSBkZXNjb250cmHDrWRvIHBhcmEgbmV0d29ya2luZy5pbm5lckJsb2Nrc2lzVmFsaWRvcmlnaW5hbENvbnRlbnRuYW1lYXR0cmlidXRlc2NvbnRlbnQ8ZW0+T3MgaG9yw6FyaW9zIGFpbmRhIHBvZGVtIHNvZnJlciBwZXF1ZW5vcyBhanVzdGVzLiBEZXRhbGhlcyBzb2JyZSBhcyBiZWJpZGFzIGluY2x1w61kYXMgc2Vyw6NvIHBhcnRpbGhhZG9zIGVtIGJyZXZlLjwvZW0+ZHJvcENhcGZvbnRTaXplaW5uZXJCbG9ja3Npc1ZhbGlkb3JpZ2luYWxDb250ZW50bmFtZWF0dHJpYnV0ZXNoZWlnaHRpbm5lckJsb2Nrc2NsaWVudElkaXNWYWxpZG9yaWdpbmFsQ29udGVudG5hbWVhdHRyaWJ1dGVzY29udGVudDxzdHJvbmc+KiBOb3RhcyByZWxhdGl2YW1lbnRlIGFvIGFjZXNzbyDDoCBhZnRlci1wYXJ0eTo8L3N0cm9uZz5kcm9wQ2FwZm9udFNpemVhbmNob3Jpbm5lckJsb2Nrc2NsaWVudElkaXNWYWxpZG9yaWdpbmFsQ29udGVudG5hbWVhdHRyaWJ1dGVzY29udGVudEEgb3JnYW5pemHDp8OjbyB2YWkgcmVzZXJ2YXIgbyA8ZW0+YnVmZmV0PC9lbT4gZSBiZWJpZGFzIGluY2x1w61kYXMgY29uZm9ybWUgbyBuw7ptZXJvIGRlIHBhcnRpY2lwYW50ZXMgZXNwZXJhZG9zLCBkZSBhY29yZG8gY29tIGEgcHJlZmVyw6puY2lhIGluZGljYWRhIGFxdWFuZG8gZGEgY29tcHJhIGRvIGJpbGhldGUgZSBkYSBleHBlcmnDqm5jaWEgZGUgZXZlbnRvcyBhbnRlcmlvcmVzLmRyb3BDYXBmb250U2l6ZWlubmVyQmxvY2tzY2xpZW50SWRpc1ZhbGlkb3JpZ2luYWxDb250ZW50bmFtZWF0dHJpYnV0ZXNjb250ZW50TmEgZXZlbnR1YWxpZGFkZSBkZSBvIG7Dum1lcm8gcmVhbCBkZSBwYXJ0aWNpcGFudGVzIHNlciBzdXBlcmlvciBhbyBlc3BlcmFkbywgcG9kZXLDoSBuw6NvIHNlciBnYXJhbnRpZGEgYSBtYW51dGVuw6fDo28gZG8gPGVtPmJ1ZmZldDwvZW0+IGF0w6kgYW8gaG9yw6FyaW8gcHJldmlzdG8sIGluZGVwZW5kZW50ZW1lbnRlIGRhIHByZWZlcsOqbmNpYSBpbmRpY2FkYSBubyBiaWxoZXRlLmRyb3BDYXBmb250U2l6ZWlubmVyQmxvY2tzY2xpZW50SWRpc1ZhbGlkb3JpZ2luYWxDb250ZW50bmFtZWF0dHJpYnV0ZXNjb250ZW50TsOjbyDDqSBleHBlY3TDoXZlbCBxdWUgaGFqYSBsaW1pdGHDp8OjbyBkZSBhY2Vzc28gw6AgZmVzdGEsIGEgbsOjbyBzZXIgcXVlLCBlbSBkZXRlcm1pbmFkbyBtb21lbnRvLCBzZSBjb25zaWRlcmUgcXVlIG8gbsO6bWVybyBkZSBwYXJ0aWNpcGFudGVzIG5vIGVzcGHDp28gcG9zc2EgY29sb2NhciBlbSByaXNjbyBhIHNlZ3VyYW7Dp2EgZGUgdG9kb3MuZHJvcENhcGZvbnRTaXplaW5uZXJCbG9ja3NjbGllbnRJZG9yaWdpbmFsQ29udGVudGNsaWVudElkY2xpZW50SWRvcmlnaW5hbENvbnRlbnRjbGllbnRJZGNsaWVudElkb3JpZ2luYWxDb250ZW50Y2xpZW50SWRjbGllbnRJZGNsaWVudElkY2xpZW50SWRjbGllbnRJZGNsaWVudElkbGlua2lkIjoyNzA4LCJmdWxmdWxwcnR1Z2w2NjUzMDA1XzMzZjliY3N0YXRldmVyc2lvbnN0YXRldmVyc2lvbnN0YXRlc2F2ZWRBdHN0YXRlc2F2ZWRCeXN0YXRldmVyc2lvbnN0YXRldmVyc2lvbnN0YXRldmVyc2lvbiAFBxEFBwgECAYIBQgHCAcIBggOCA4IC0gBBB8aGQkIBgubBBcSAYkGARFBBixBAAJBAwRBAwQBAkEABAECQQACQQAFQQACAQNBBIMBlgFBBB5BAAIBDgGQAQElAkECAkEYQgABAgUBAwJBBQUGA7UEA0EABUEANjgdAQUHBUEAAkEDAkEAAkEAAkECAkEDA0EEBQECQQEFQQADAgMLkwJBBwJBAZEEuwK7BIEFQQAFA0EABgIOAQYBAgkIBQFDAEEAAkEAAgFCAAECQQIDCAEIQQIIBgEIQQAKBUEACQoGAQYEBQ4HAQYCAQJBAAMCBgECAwEGAgEEAgdBAQIEBwEJAQoFQQAFBwUHQQAlngELAR8iARRBABEKAkEGAkECAwkIBw8ECgeJAgcLBwQKB4sDBwsHDwQKB7gBBwsHBAoHtQYHCwcPBAoGAxQTBwlLAAYISwEHBApDAAcCCA8LBw8ECge3AQcLBw8ECgYLBw8ECgcSBQsHDwQKBwYLCAcPBAoHuAILBw8ECge5AQcICwcPBAoGCwgHDwQKBz8HCAYLCAcPBAoHmAMHCAsIBw8ECgeUAwcICwgHDwQKB78CBwgLCA9IAA9IAA9IBAQKAgECQQAEQQUDQQACAQUHBQcFBwUHBQcFBwUHAQ4BDAADAQAAAQEBAKgBAUZCAQEAQQACAEEAAgBBAAIAQQACAEEAAAIAQQACAEEAAgBBAABBAAIAQQAAQQACAEEAAgBBAABBAAIAQQACAEEAAgBBAAIAoQIBAwIBAkEABEEFA0EAAkEYpCsBCgEJCgEDAgUBAwECAQcFAwIBBAEGAghBAAYEBQEGBQEHQgUBAgElAZcCAb0CEQqdAhoWDAcdAoMCGhUzAxkEDRImBwGoBA4yBCgBHgSIAQkaJ5sBCAFIAA8LFA4algE9GAggAxWPAg8JAaUBCwECEAMkDAIkL7ADAY0BHwGTAgNBAQUGRAAGAQIBQgABBgMCAQIIAUIAQQIDBQEFAwIBFAMCBBUDogENGBWCAg0PJKUBAQURBrgBCjMSpQEEDwQGsgMXQQECAwUCDAMGAwQBAq4kCYcBFQo2EBZBBgNBAAQGRAFBAUYAAgEDAUIAAQkKARYNARNBIglBHYMBASoBB0EXBEEGAkEECEETGEEIByEAfQF3VzxmaWd1cmUgY2xhc3M9IndwLWJsb2NrLWdhbGxlcnkgaGFzLW5lc3RlZC1pbWFnZXMgY29sdW1ucy1kZWZhdWx0IGlzLWNyb3BwZWQiPjwvZmlndXJlPneqATxmaWd1cmUgY2xhc3M9IndwLWJsb2NrLWltYWdlIHNpemUtZnVsbCI+PGltZyBzcmM9Imh0dHBzOi8vcG9ydHVnYWwud29yZGNhbXAub3JnLzIwMjYvZmlsZXMvMjAyNi8wNS81MzczMDgyNDA1NV8zNDczN2Y5OTliX2MuanBnIiBhbHQ9IiIgY2xhc3M9IndwLWltYWdlLTI3MDgiIC8+PC9maWd1cmU+d01odHRwczovL3BvcnR1Z2FsLndvcmRjYW1wLm9yZy8yMDI2L2ZpbGVzLzIwMjYvMDUvNTM3MzA4MjQwNTVfMzQ3MzdmOTk5Yl9jLmpwZ32UKncEZnVsbHtCed+JS9jQAHtB7l26lCAAAHcHcHVibGlzaKcGAH282pMOfQB3BmNsb3NlZHcGY2xvc2VkdwB5dwB3A2x0cncAdyQ2NjNlZmNkYy1kZTEyLTQ5OGEtYjU5YS0wNDEwZGM2MTYzY2N4d5UBPHA+QWxndW5zIGRpcsOjbyBxdWUgw6kgbyBtb21lbnRvIG1haXMgYWd1YXJkYWRvIGRvIFdvcmRDYW1wLiBOw7NzIG7Do28gdmFtb3MgdMOjbyBsb25nZSAtIG8gV29yZENhbXAgdGVtIGRpdmVyc29zIG1vbWVudG9zIGVzcGVjaWFpcyBwYXJhIHRvZG9zLjwvcD53DmNvcmUvcGFyYWdyYXBoeXh3DmNvcmUvcGFyYWdyYXBoeXh3hQE8cD48c3Ryb25nPkEgYXByZXNlbnRhw6fDo28gZG8gPGVtPmJhZGdlPC9lbT4gZG8gZXZlbnRvIMOpIG9icmlnYXTDs3JpYTwvc3Ryb25nPiwgcG9yIGlzc28sIG7Do28gdGUgZXNxdWXDp2FzIGRlIG8gbGV2YXIgY29udGlnby48L3A+dw5jb3JlL3BhcmFncmFwaHl4dw5jb3JlL3BhcmFncmFwaHl4dwxjb3JlL2dhbGxlcnl1AHcEaWNvbnUAeHl4dwRub25ldwVsYXJnZXl3BGF1dG94dwpjb3JlL2ltYWdldwB3BG5vbmV4d4EBPHA+VmFtb3MgcHJvbG9uZ2FyIG8gZXNww61yaXRvIGRvIFdvcmRDYW1wIGNvbSBjb252ZXJzYXMgaW5mb3JtYWlzIGUgbXVpdG8gbmV0d29ya2luZywgbm8gbWVzbW8gZXNwYcOnbyBvbmRlIHBhc3PDoW1vcyBvIGRpYS48L3A+dw5jb3JlL3BhcmFncmFwaHl4d0o8ZGl2IHN0eWxlPSJoZWlnaHQ6MTBweCIgYXJpYS1oaWRkZW49InRydWUiIGNsYXNzPSJ3cC1ibG9jay1zcGFjZXIiPjwvZGl2PncLY29yZS9zcGFjZXJ3BDEwcHh4dzQ8aDQgY2xhc3M9IndwLWJsb2NrLWhlYWRpbmciPlByb2dyYW1hIHByZXZpc3RvOjwvaDQ+dwxjb3JlL2hlYWRpbmd9BHh3Hzx1bCBjbGFzcz0id3AtYmxvY2stbGlzdCI+PC91bD53CWNvcmUvbGlzdHl3AHckYWE5OGMyNTMtYzE1Yy00OTg2LTk2ODctNmYxYzE4MzliYjM1eHfEATxsaT48c3Ryb25nPjIwOjAwIMOgcyAyMTozMDo8L3N0cm9uZz4gPGVtPkJ1ZmZldDwvZW0+IGNvbSA8ZW0+ZmluZ2VyLWZvb2Q8L2VtPiBlIGFsZ3VtYXMgYmViaWRhcyBpbmNsdcOtZGFzPHN0cm9uZz48YSBocmVmPSIjbm90YXMiPio8L2E+PC9zdHJvbmc+LCBjb20gYW1iaWVudGUgZGVzY29udHJhw61kbyBwYXJhIG5ldHdvcmtpbmcuPC9saT53DmNvcmUvbGlzdC1pdGVteHefATxwIGNsYXNzPSJoYXMtc21hbGwtZm9udC1zaXplIj48ZW0+T3MgaG9yw6FyaW9zIGFpbmRhIHBvZGVtIHNvZnJlciBwZXF1ZW5vcyBhanVzdGVzLiBEZXRhbGhlcyBzb2JyZSBhcyBiZWJpZGFzIGluY2x1w61kYXMgc2Vyw6NvIHBhcnRpbGhhZG9zIGVtIGJyZXZlLjwvZW0+PC9wPncOY29yZS9wYXJhZ3JhcGh5dwVzbWFsbHh3SjxkaXYgc3R5bGU9ImhlaWdodDoxMHB4IiBhcmlhLWhpZGRlbj0idHJ1ZSIgY2xhc3M9IndwLWJsb2NrLXNwYWNlciI+PC9kaXY+dwtjb3JlL3NwYWNlcncEMTBweHckZjE4Y2JlOGYtMzVmMC00YjQ1LThiYTAtZDRkYTI4NzIwZTcweHduPHAgY2xhc3M9Imhhcy1zbWFsbC1mb250LXNpemUiIGlkPSJub3RhcyI+PHN0cm9uZz4qIE5vdGFzIHJlbGF0aXZhbWVudGUgYW8gYWNlc3NvIMOgIGFmdGVyLXBhcnR5Ojwvc3Ryb25nPjwvcD53DmNvcmUvcGFyYWdyYXBoeXcFc21hbGx3BW5vdGFzdyQxNjMwNWIzMC02YjVhLTQ1ZTAtYjljOS04OWVhZTdlNDRjNGF4d4ECPHAgY2xhc3M9Imhhcy1zbWFsbC1mb250LXNpemUiPkEgb3JnYW5pemHDp8OjbyB2YWkgcmVzZXJ2YXIgbyA8ZW0+YnVmZmV0PC9lbT4gZSBiZWJpZGFzIGluY2x1w61kYXMgY29uZm9ybWUgbyBuw7ptZXJvIGRlIHBhcnRpY2lwYW50ZXMgZXNwZXJhZG9zLCBkZSBhY29yZG8gY29tIGEgcHJlZmVyw6puY2lhIGluZGljYWRhIGFxdWFuZG8gZGEgY29tcHJhIGRvIGJpbGhldGUgZSBkYSBleHBlcmnDqm5jaWEgZGUgZXZlbnRvcyBhbnRlcmlvcmVzLjwvcD53DmNvcmUvcGFyYWdyYXBoeXcFc21hbGx3JGRmOWYxNTdiLTFkMWItNGI1OC1iN2M4LTA3MDAzMzMwMGUyOHh3\/wE8cCBjbGFzcz0iaGFzLXNtYWxsLWZvbnQtc2l6ZSI+TmEgZXZlbnR1YWxpZGFkZSBkZSBvIG7Dum1lcm8gcmVhbCBkZSBwYXJ0aWNpcGFudGVzIHNlciBzdXBlcmlvciBhbyBlc3BlcmFkbywgcG9kZXLDoSBuw6NvIHNlciBnYXJhbnRpZGEgYSBtYW51dGVuw6fDo28gZG8gPGVtPmJ1ZmZldDwvZW0+IGF0w6kgYW8gaG9yw6FyaW8gcHJldmlzdG8sIGluZGVwZW5kZW50ZW1lbnRlIGRhIHByZWZlcsOqbmNpYSBpbmRpY2FkYSBubyBiaWxoZXRlLjwvcD53DmNvcmUvcGFyYWdyYXBoeXcFc21hbGx3JDllZTY1MjliLTQ4YmYtNGE3Zi1iMGFjLWY4YzQ2M2E3MjdkOHh37AE8cCBjbGFzcz0iaGFzLXNtYWxsLWZvbnQtc2l6ZSI+TsOjbyDDqSBleHBlY3TDoXZlbCBxdWUgaGFqYSBsaW1pdGHDp8OjbyBkZSBhY2Vzc28gw6AgZmVzdGEsIGEgbsOjbyBzZXIgcXVlLCBlbSBkZXRlcm1pbmFkbyBtb21lbnRvLCBzZSBjb25zaWRlcmUgcXVlIG8gbsO6bWVybyBkZSBwYXJ0aWNpcGFudGVzIG5vIGVzcGHDp28gcG9zc2EgY29sb2NhciBlbSByaXNjbyBhIHNlZ3VyYW7Dp2EgZGUgdG9kb3MuPC9wPncOY29yZS9wYXJhZ3JhcGh5dwVzbWFsbHckNjFhYmIxNTMtNWJiYS00YmI2LTlkM2EtMmNlYTgwMTY1NWU0d9QBPHA+QSBhZnRlci1wYXJ0eSBkbyBXb3JkQ2FtcCBQb3J0dWdhbCAyMDI2IHJlYWxpemEtc2Ugbm8gc8OhYmFkbywgZGlhIDE2IGRlIE1haW8sIGFww7NzIG8gZXZlbnRvLiBBIHBhcnRpciBkYXMgMjA6MDAsIHZhbW9zIHRlciB1bWEgZmVzdGEgZGUgYWNlc3NvIDxzdHJvbmc+bGl2cmU8L3N0cm9uZz4gYSB0b2RvcyBvcyBwYXJ0aWNpcGFudGVzIGRvIFdvcmRDYW1wLjwvcD53JGEzNWIzMGYxLWY1MGMtNDQ5NS04MDhhLWRjZWI0MmVkOWY4MHckYzUyZGQ1OTYtY2NiYi00OTNhLWEyNWItMjNkYjg1ZDUwZGJid8QDPHA+PHN0cm9uZz5BIGFmdGVyLXBhcnR5IHZhaSBkZWNvcnJlciBlbnRyZSBhcyAyMDowMCBlIGFzIDIxOjMwPC9zdHJvbmc+IG5vIMOhdHJpbyBkYSA8YSBocmVmPSJodHRwczovL3BvcnR1Z2FsLndvcmRjYW1wLm9yZy8yMDI2L2xvY2FsaXphY2FvLyIgdGFyZ2V0PSJfYmxhbmsiIHJlbD0ibm9yZWZlcnJlciBub29wZW5lciI+RnVuZGHDp8OjbyBEci4gQW50w7NuaW8gQ3VwZXJ0aW5vIGRlIE1pcmFuZGE8L2E+LCBvdSBzZWphLCBubyBtZXNtbyBsb2NhbCBkbyBldmVudG8uIE7Do28gdGVucyBkZSBpciBhIGxhZG8gbmVuaHVtIC0gw6kgc8OzIGZpY2FyLiBWYWkgc2VyIG9mZXJlY2lkbyB1bSA8ZW0+YnVmZmV0PC9lbT4gZGUgPGVtPmZpbmdlci1mb29kPC9lbT4gY29tIGFsZ3VtYXMgYmViaWRhcyBpbmNsdcOtZGFzPHN0cm9uZz48YSBocmVmPSIjbm90YXMiPio8L2E+PC9zdHJvbmc+LjwvcD53JGFmNmNiM2E3LWFhNmMtNDQzOS04MzZlLTRiOGJjYTkxZWRjYXckOTU1OWVjMzctY2U3NS00MzJiLWIzODAtZDI2NjQ0YzM5NGZjdyQ2M2QzNmE1MC1jYTJjLTRlZDUtODkwYy0xYmUyZjkxMWJhMmN3JGZkY2QwODEyLWExMDctNDZlYS1hZGRlLTg1NzZmNGM1NjNmZHckMWE5YjUzYjQtNmRkYS00NmNiLTg3MTMtYTk5NzQ5M2QxZjhjdyQxZDFkYzJmNi1kYjMzLTQ4OWUtOTMyZi0wNmRlYzU5OTA0NDQHAAoAAgB3EzIwMjYtMDUtMDVUMTU6Mzk6NTMBAAQAdyQxNTYxYzU0ZS1kNTIzLTQxZTQtOTg5ZS0zNTYwNzUwMGZhOTR3JDc2OTE5ODExLTZmNjAtNDlkMy1hZDI1LTVkZWI4MmE5NTUzNQehqbeXDwQBHQEABAARANLaqu8L0AEAAg0AC+MVmwIAFwkSAJwDCAEJAQADAgIBLQQBAAUCAgABAQQAAQYCBAECAQEEAAEDAgABBQEBBAcDAAEPAQACBQEEAQAFBgEBAQECAQEBBAEBAQEBAQABAQEAmQG9AQH0AgEZARUBCwEGARweAQGCAQEZAhQBMg4CARhQAwEMJRECJQEGAQABpwIBDQIxAQMBJwEAAR0BAwFHAQgBGQEmAVoBBwEAAQcBBwEOAQoBEwENARkBVQE8ARcBBwEfAQIBFAKOAQIOAQgCAAVkAQoDAAIBAQ8BAgEjAQsBAQEjAS4F7wEGAANMtQIeAwABkgEBAgUAAgCMAQAMBAYFAwMBAwIFAQABAQIAAQEBAQIAAQUBAgIBAQABAQEHAQADAQIBAQABAAMAAQANAgEEAQABBAUCAQEBAAMTAgIDAQsDkwEUAQIBYQEMASwBjgEBDgEjAWUBkwECPAERAWgBigKRAha7AQC7AgDBAgBWBC0EAQGpARwQuBIBmwEBMAEAAQCDAQkMA0IDFAMTAAoAAgABBQEFAQEBAAECAQABAQEBBAABCAEJAwAJNqMHABMAAgECCfEDdtMFAwUEBhCX8vnHCgEABrqpwcEGAQAgj5u2lQUBAADZs7nRBAEAAM3FhtIBAQAA\",\"updateId\":724020002}","jetpack_post_was_ever_published":false,"_nakedcatplugins_page_lang":"","_nakedcatplugins_page_dir":"ltr","footnotes":""},"class_list":["post-2696","page","type-page","status-publish","hentry"],"jetpack_sharing_enabled":true,"_links":{"self":[{"href":"https:\/\/portugal.wordcamp.org\/2026\/wp-json\/wp\/v2\/pages\/2696","targetHints":{"allow":["GET"]}}],"collection":[{"href":"https:\/\/portugal.wordcamp.org\/2026\/wp-json\/wp\/v2\/pages"}],"about":[{"href":"https:\/\/portugal.wordcamp.org\/2026\/wp-json\/wp\/v2\/types\/page"}],"author":[{"embeddable":true,"href":"https:\/\/portugal.wordcamp.org\/2026\/wp-json\/wp\/v2\/users\/14841532"}],"replies":[{"embeddable":true,"href":"https:\/\/portugal.wordcamp.org\/2026\/wp-json\/wp\/v2\/comments?post=2696"}],"version-history":[{"count":4,"href":"https:\/\/portugal.wordcamp.org\/2026\/wp-json\/wp\/v2\/pages\/2696\/revisions"}],"predecessor-version":[{"id":2710,"href":"https:\/\/portugal.wordcamp.org\/2026\/wp-json\/wp\/v2\/pages\/2696\/revisions\/2710"}],"wp:attachment":[{"href":"https:\/\/portugal.wordcamp.org\/2026\/wp-json\/wp\/v2\/media?parent=2696"}],"curies":[{"name":"wp","href":"https:\/\/api.w.org\/{rel}","templated":true}]}}